ens digit of g?
5
Suppose 3*v = -3*s + 42, 54 = 4*v - 5*s - 29. Let a = 242 - v. What is the hundreds digit of a?
2
Let m = 15 + -12. Suppose -4*h - m*l + 68 = 15, -3*h = -l - 56. Let v = h + -14. What is the units digit of v?
3
Let b be (3*-36)/(1 - 60/68). Let j = -653 - b. What is the units digit of j?
5
Suppose -5*p + 155 = 5*b, -4*b + 7*p = 4*p - 89. Suppose 39 = 3*j + 4*z - 15, -4*z + b = j. What is the tens digit of j?
1
Let r be (-33)/2*64/24. Let c = -18 - r. What is the units digit of c?
6
What is the hundreds digit of 5*((-92)/6)/(50/(-270))?
4
Suppose -4*v + 247 - 27 = 0. What is the tens digit of v?
5
Let j(y) = 3*y**2 + y - 1. Let q be j(2). Let m = 19 - q. Suppose -5*c + m = 1. What is the units digit of c?
1
Suppose 0 = 3*r - 12, -2*r + r + 308 = -4*y. Let g = 209 - y. What is the units digit of g?
5
Suppose -22*y = -4*y - 6084. What is the units digit of y?
8
Let o(y) = y**2 - 2*y + 2. Let i be o(2). Suppose -15*p + 57 + 33 = 0. Suppose -128 = i*j - p*j. What is the units digit of j?
2
Let a be 6*(4 + 36/(-8)). Let x be 3 + 0 - (-3)/a. What is the tens digit of (-7800)/(-135) - x/(-9)?
5
Suppose p = -5*f - 13, -p = p + f - 1. Suppose -i - 4*y - 224 = -5*i, -268 = -5*i + p*y. What is the tens digit of i?
5
Suppose -3*n = 4*t - 5, 0 = -3*t - 2*t + 5*n + 50. Suppose t*u = 134 + 136. What is the tens digit of u?
5
Suppose 2*v = -6*i + 9*i - 9836, 4*i + 5*v - 13130 = 0. What is the tens digit of i?
8
Suppose 170 = 6*b - 232. Let i = b + 27. What is the units digit of i?
4
Suppose 0*d + f - 2201 = -2*d, -3*f = 2*d - 2211. What is the hundreds digit of d?
0
Let f(n) = n. Let t be f(-5). Let o(z) = -z**3 - 4*z**2 - 2*z + 3. What is the units digit of o(t)?
8
Let g(i) = -i**3 + 6*i**2 + 6*i + 8. Let r be ((-4)/4)/((-3)/6). Let c be r/1*(-7)/(-2). What is the units digit of g(c)?
1
Suppose -82 = -5*g - u - 3*u, -3*g - 3*u = -48. Suppose -3*s = -2*d - g, 5*d - 2*d = s - 6. What is the units digit of s?
6
Let u = -8 - -21. Let l = u - -68. Let r = l - 35. What is the units digit of r?
6
Let v(n) = 5*n**2 - 2*n + 5*n - 3 - 4*n + 3*n. Let s be v(-5). Let u = s - 79. What is the tens digit of u?
3
Let f(a) = 3*a + 4 + 2*a**2 - a**3 - 4 - 1 + 2 + 0*a. Let n = -4 + 7. What is the units digit of f(n)?
1
Suppose 0*h = 5*h - 15. Let t be h + -5 - -1 - -11. Suppose 3*b - 35 = t. What is the tens digit of b?
1
Let n = -8 - -8. Suppose n = b + b - 84. Suppose -14 - b = -2*t. What is the units digit of t?
8
Suppose 0 = 3*d - 0*d. Suppose -3*j - 2*z + d*z + 16 = 0, z + 13 = 2*j. Suppose 2*c + j*f - 52 = 2*f, 0 = 5*f - 15. What is the units digit of c?
0
Let n(f) = 4*f**3 + 2*f**2 + f. Let s be n(-1). Let k(y) = 5*y - 2. Let a(x) = -9*x + 3. Let u(q) = -2*a(q) - 5*k(q). What is the tens digit of u(s)?
2
Let g(h) = -2*h**2 - 10*h + 15. Let k(m) = m**2 + 10*m - 14. Let f(p) = -2*g(p) - 3*k(p). What is the units digit of f(9)?
3
Let v(r) = 11*r**3 + 11*r**2 + 2*r - 5. Let o(z) = -7*z**3 - 7*z**2 - z + 3. Let i(d) = -8*o(d) - 5*v(d). What is the units digit of i(0)?
1
Let y(h) = -6*h - 4. Let q be y(-4). Let t(f) = -f**2 + 12*f + 7. Let n be t(9). Let o = n - q. What is the units digit of o?
4
Suppose 6130 + 3230 = 3*w. What is the units digit of w?
0
Suppose d + f + 48 = 4*d, -32 = -2*d + 2*f. What is the units digit of d/(-10)*(-2345)/14?
8
Suppose 5*y = 6*y - 2. Suppose -j + 99 = -y*j. Let r = 139 + j. What is the tens digit of r?
4
Suppose 2*t + 744 = 6*t. Let u = -103 + t. What is the units digit of u?
3
Suppose 3*x - 60 = 96. Let f = 12 - x. What is the tens digit of 193/5 - (-24)/f?
3
Let k(u) = u + 8. Let t be k(4). Let v be (t - 12)/(-3 - -1). Suppose v = -y + 9. What is the units digit of y?
9
Let o(l) = 11*l + 13. Let m(k) = -k**2 - 11*k - 4. Let n be m(-10). What is the tens digit of o(n)?
7
Suppose -7*j + 2*j = -160. Let u be (-4)/(-6)*3/(-1). What is the units digit of j*((-15)/(-6) + u)?
6
Let t(x) = -2*x**2 - 4*x + 3. Let s(m) = 5*m**2 + 8*m - 6. Let u(w) = 4*s(w) + 9*t(w). What is the units digit of u(8)?
9
Let o = 67 - -152. What is the hundreds digit of o?
2
Let r = 356 + -354. What is the units digit of r?
2
Let j = -29 - -30. Suppose 2*k + 19 - j = 0. What is the units digit of (-123)/(-2) - k/6?
3
Let v = -340 + 1262. What is the tens digit of v?
2
Suppose 9*p = -17*p + 34814. What is the units digit of p?
9
Suppose -q = -4*x - 2*q + 73, -69 = -3*x + 4*q. Let m(c) = 2*c + 10. What is the tens digit of m(x)?
4
Let h be (-1 + (4 - 3))*-1. Let f be h*(2 + 10/(-6)). Suppose f*p - p + 5 = 0. What is the units digit of p?
5
Let k = -1402 + 1987. What is the units digit of k?
5
What is the hundreds digit of (-12)/(-16) - (-43970)/8?
4
Let d(l) = 484*l - 34. What is the hundreds digit of d(2)?
9
Let s(c) = c**3 - 23*c**2 + 27*c + 150. What is the thousands digit of s(24)?
1
Let t be 1 - (18 + 3 - 4). What is the tens digit of -6*36/t*6?
8
Suppose -63*x + 38*x + 56175 = 0. What is the units digit of x?
7
Let l = -21 - -30. Let v be (-2)/7 + l/7. What is the units digit of 32/v + (-8 - -6)?
0
Let o(c) = -c**3 + 11*c**2 + c + 13. Let y(w) = -15*w + 6 - 1 + 17*w. Let k be y(3). What is the units digit of o(k)?
4
Let o be (0*(3 - 2))/3. Suppose o = -5*t + 4*p + 326, 4*t + 6*p - 267 = 3*p. What is the units digit of t?
6
Suppose -3*o = -2*o - 230. Let j = -34 + o. Suppose -j = -2*t - 2*t. What is the tens digit of t?
4
Suppose 3*p - 10 = -r, 0*p + 4*r = -3*p - 5. Suppose -2*n + 72 = -i + 3*i, -p*i + 4*n = -207. What is the units digit of i?
9
What is the hundreds digit of -4 + (6/4 - 17055/(-30))?
5
What is the hundreds digit of 5 + 0 - (-706)/2?
3
Let x(u) be the second derivative of 11*u**4/12 - 7*u**3/6 + u**2/2 - 12*u. What is the tens digit of x(3)?
7
Let c = 7807 + -2414. What is the hundreds digit of c?
3
Suppose o = k + 215 + 63, -5*k = 4*o - 1076. What is the units digit of o?
4
Let x be ((-6)/8)/((-9)/1332). Suppose 0 = 5*l - x - 99. Let d = l - -14. What is the units digit of d?
6
Let i(t) = 2*t**2 - 14*t - 9. Let u(y) = y**2 - 13*y - 8. Let h(k) = 5*i(k) - 6*u(k). What is the tens digit of h(-5)?
6
Suppose 6*m - 4342 = -7*m. What is the tens digit of m?
3
Let b be 0/(48/15 + (-1)/5). What is the tens digit of b - (16/(-4) + -123)?
2
Suppose -5*n = 5*n - 5*n. What is the tens digit of ((-12)/8 - n)*(-464)/12?
5
Suppose -i = 2*m - 98, 3*m + 0*i - 147 = -3*i. Let l = -34 + m. Let v = 43 - l. What is the units digit of v?
8
Let z(f) = -114*f - 168. What is the hundreds digit of z(-8)?
7
Let k = 7 - 2. Suppose k*m + 2 = -28. Let s(g) = g**2 + 4*g. What is the tens digit of s(m)?
1
Suppose -3*v + 2*v = -6. Suppose -7*s + v*s + 71 = 0. What is the units digit of s?
1
Suppose -f + 3*w - 20 = 0, 80 = -3*f - w + 5*w. Let y = -18 - f. Let g = y + -4. What is the tens digit of g?
1
Let f(h) = h**3 - 26*h**2 - 59*h + 67. What is the thousands digit of f(30)?
1
Let u = -36 - -134. Let d = 236 - u. What is the hundreds digit of d?
1
Let d(m) = -5*m + 12. Let a be d(2). What is the units digit of (699/a)/((-12)/(-8))?
3
Suppose 5*m + 2 = 7*m, -3*c + m = -101. What is the tens digit of c?
3
Let s = 137 - -82. Suppose 4*h = 5*u - s, 0 = -3*u + 4*u - h - 44. What is the tens digit of u?
4
Let z(x) = x. Let q be z(3). Suppose 2*n - 100 = 4*v, -n - q*v = 3*n - 233. Suppose 2*p - n = -0*p - 4*j, 0 = 3*p + 3*j - 81. What is the units digit of p?
6
Let u = 3862 - 2295. What is the units digit of u?
7
Suppose l = 6*l - 10. Suppose 4 = -0*m + l*m. Suppose -u + 13 - m = 0. What is the tens digit of u?
1
Let x(z) be the third derivative of z**4/24 - 4*z**3 + z**2. Let s be x(0). Let i = s + 38. What is the units digit of i?
4
Let p = 274 + -151. Suppose -w + 4*w = -p. Let b = -5 - w. What is the units digit of b?
6
Suppose 468 = 2*g - 3*p + 142, 3*p = -g + 163. What is the tens digit of g?
6
Suppose -4 + 18 = -t - 5*h, t - 7 = 2*h. Let v(b) = 47*b - 3. What is the tens digit of v(t)?
4
What is the hundreds digit of 32/(-80) - (-1926)/15?
1
Let a(g) = g**3 - 2*g**2 + 3*g - 1. Let h = -11 + 13. Let z be a(h). Suppose -4*y = z*y - 630. What is the tens digit of y?
7
Let b(x) = x**2 + 5*x - 8. Let a be b(-6). Let d be 3 + a*(-3)/(-6). Suppose d*v + 3*v = 15. What is the units digit of v?
3
Let a(k) = -k**3 - 16*k**2 - 52*k - 17. What is the tens digit of a(-15)?
